{"id":464,"date":"2024-09-09T15:24:51","date_gmt":"2024-09-09T15:24:51","guid":{"rendered":"https:\/\/urbanogarcia.es\/?page_id=464"},"modified":"2024-09-18T09:12:44","modified_gmt":"2024-09-18T09:12:44","slug":"condiciones-de-compra","status":"publish","type":"page","link":"https:\/\/urbanogarcia.es\/index.php\/condiciones-de-compra\/","title":{"rendered":"Condiciones de compra"},"content":{"rendered":"\t\t<div data-elementor-type=\"wp-page\" data-elementor-id=\"464\" class=\"elementor elementor-464\">\n\t\t\t\t\t\t\t<div class=\"elementor-element elementor-element-c79f7cc e-con-boxed e-flex e-con\" data-id=\"c79f7cc\" data-element_type=\"container\" data-settings=\"{&quot;content_width&quot;:&quot;boxed&quot;}\">\n\t\t\t\t\t<div class=\"e-con-inner\">\n\t\t\t\t<div class=\"elementor-element elementor-element-994911c elementor-widget elementor-widget-heading\" data-id=\"994911c\" data-element_type=\"widget\" data-widget_type=\"heading.default\">\n\t\t\t\t<div class=\"elementor-widget-container\">\n\t\t\t<style>\/*! elementor - v3.13.2 - 11-05-2023 *\/\n.elementor-heading-title{padding:0;margin:0;line-height:1}.elementor-widget-heading .elementor-heading-title[class*=elementor-size-]>a{color:inherit;font-size:inherit;line-height:inherit}.elementor-widget-heading .elementor-heading-title.elementor-size-small{font-size:15px}.elementor-widget-heading .elementor-heading-title.elementor-size-medium{font-size:19px}.elementor-widget-heading .elementor-heading-title.elementor-size-large{font-size:29px}.elementor-widget-heading .elementor-heading-title.elementor-size-xl{font-size:39px}.elementor-widget-heading .elementor-heading-title.elementor-size-xxl{font-size:59px}<\/style><h2 class=\"elementor-heading-title elementor-size-default\">Condiciones de compra<\/h2>\t\t<\/div>\n\t\t\t\t<\/div>\n\t\t\t\t<div class=\"elementor-element elementor-element-8c98862 elementor-widget__width-initial elementor-widget elementor-widget-text-editor\" data-id=\"8c98862\" data-element_type=\"widget\" data-widget_type=\"text-editor.default\">\n\t\t\t\t<div class=\"elementor-widget-container\">\n\t\t\t<style>\/*! elementor - v3.13.2 - 11-05-2023 *\/\n.elementor-widget-text-editor.elementor-drop-cap-view-stacked .elementor-drop-cap{background-color:#69727d;color:#fff}.elementor-widget-text-editor.elementor-drop-cap-view-framed .elementor-drop-cap{color:#69727d;border:3px solid;background-color:transparent}.elementor-widget-text-editor:not(.elementor-drop-cap-view-default) .elementor-drop-cap{margin-top:8px}.elementor-widget-text-editor:not(.elementor-drop-cap-view-default) .elementor-drop-cap-letter{width:1em;height:1em}.elementor-widget-text-editor .elementor-drop-cap{float:left;text-align:center;line-height:1;font-size:50px}.elementor-widget-text-editor .elementor-drop-cap-letter{display:inline-block}<\/style>\t\t\t\t<p><b>1.<\/b>&#8211; Garantizamos todos los pesos m\u00ednimos.<br \/><b>2.<\/b>&#8211; Una vez gestionado el pedido, el plazo de entrega es de 48-72 horas en pedidos de lunes a viernes, a\u00f1adi\u00e9ndole los d\u00edas correspondientes si el pedido se formaliza en fin de semana, s\u00e1bado o domingo. La entrega se realizar\u00e1 a trav\u00e9s de una agencia de env\u00edo urgente.<br \/><b>3.<\/b>&#8211; Los precios incluyen IVA.<br \/><b>4.<\/b>&#8211; &#8220;Urbano Garcia&#8221; tendr\u00e1 el dominio de los productos hasta que se abonen en su totalidad.<br \/><b>5.<\/b>&#8211; Disponibilidad: nuestros productos son, en muchos casos, piezas de producci\u00f3n limitada. En caso de que no haya stock disponible de un determinado producto, le informaremos y propondremos otro producto de caracter\u00edsticas similares.<br \/><b>6.<\/b>&#8211; Garant\u00eda de calidad: en caso de alg\u00fan problema relacionado con el embalaje o calidad del producto, Urbano Garcia se compromete a evaluarlo siempre que se realice la comunicaci\u00f3n en el plazo de 7 d\u00edas naturales desde la recepci\u00f3n del producto por parte del cliente, siguiendo el procedimiento relacionado en el apartado &#8220;Pol\u00edtica de Devoluciones&#8221;.<br \/><b>7.<\/b>&#8211; Protecci\u00f3n de datos: los datos facilitados por el comprador solo ser\u00e1n usados con fines comerciales, y no ser\u00e1n facilitados a terceras personas.<br \/><b>8.<\/b>&#8211; Env\u00edo gratis en pedidos superiores a 80\u20ac. Para pedidos de coste inferior, el precio del env\u00edo ser\u00e1 de 10\u20ac.<br \/><b>9.<\/b>&#8211; Los env\u00edos, y sus costes asociados, est\u00e1n estimados para env\u00edos a en Espa\u00f1a, dentro de la Pen\u00ednsula. Los territorios espa\u00f1oles fuera de la pen\u00ednsula y los env\u00edos al extranjero tendr\u00e1n costos adicionales, para lo que ser\u00e1 necesario contactar por mail a la direcci\u00f3n\u00a0<a href=\"mailto:hola@urbanogarica.es\" target=\"_blank\" rel=\"noopener\">hola@urbanogarcia.es<\/a>\u00a0para cotizar dichos gastos.<br \/><b>10.<\/b>&#8211; No se contemplan env\u00edos al extranjero para venta a privados. En caso de requerirlos es necesario enviar un mail a la direcci\u00f3n\u00a0<a href=\"mailto:hola@urbanogarica.es\" target=\"_blank\" rel=\"noopener\">hola@urbanogarcia.es<\/a>\u00a0para que se coticen los gastos asociados.<\/p>\t\t\t\t\t\t<\/div>\n\t\t\t\t<\/div>\n\t\t\t\t\t<\/div>\n\t\t\t\t<\/div>\n\t\t\t\t\t\t\t<\/div>\n\t\t","protected":false},"excerpt":{"rendered":"<p>Condiciones de compra 1.&#8211; Garantizamos todos los pesos m\u00ednimos.2.&#8211; Una vez gestionado el pedido, el plazo de entrega es de 48-72 horas en pedidos de lunes a viernes, a\u00f1adi\u00e9ndole los d\u00edas correspondientes si el pedido se formaliza en fin de semana, s\u00e1bado o domingo. La entrega se realizar\u00e1 a trav\u00e9s de una agencia de env\u00edo [&hellip;]<\/p>\n","protected":false},"author":2,"featured_media":0,"parent":0,"menu_order":0,"comment_status":"closed","ping_status":"closed","template":"elementor_header_footer","meta":[],"_links":{"self":[{"href":"https:\/\/urbanogarcia.es\/index.php\/wp-json\/wp\/v2\/pages\/464"}],"collection":[{"href":"https:\/\/urbanogarcia.es\/index.php\/wp-json\/wp\/v2\/pages"}],"about":[{"href":"https:\/\/urbanogarcia.es\/index.php\/wp-json\/wp\/v2\/types\/page"}],"author":[{"embeddable":true,"href":"https:\/\/urbanogarcia.es\/index.php\/wp-json\/wp\/v2\/users\/2"}],"replies":[{"embeddable":true,"href":"https:\/\/urbanogarcia.es\/index.php\/wp-json\/wp\/v2\/comments?post=464"}],"version-history":[{"count":22,"href":"https:\/\/urbanogarcia.es\/index.php\/wp-json\/wp\/v2\/pages\/464\/revisions"}],"predecessor-version":[{"id":994,"href":"https:\/\/urbanogarcia.es\/index.php\/wp-json\/wp\/v2\/pages\/464\/revisions\/994"}],"wp:attachment":[{"href":"https:\/\/urbanogarcia.es\/index.php\/wp-json\/wp\/v2\/media?parent=464"}],"curies":[{"name":"wp","href":"https:\/\/api.w.org\/{rel}","templated":true}]}}